e prime factors of l?
2, 5
Suppose 0 = 3*q + 2*s - 93, -3*s - 49 = q - 3*q. Suppose 2*x = -3*m + 94, -3*m - q = x - 118. What are the prime factors of m?
2, 7
Suppose -4*m - m + 1220 = -i, 0 = -3*m + i + 730. What are the prime factors of m?
5, 7
What are the prime factors of (-4)/(-10) - (-53)/5?
11
Suppose 0 = 5*f - 5*p - 255, 5*p - 7 = -22. What are the prime factors of f?
2, 3
Let k(u) = 122*u**2 - 3*u + 3. List the prime factors of k(1).
2, 61
List the prime factors of 1/(3 - 2)*75.
3, 5
Let t(n) = n**2 - 2*n - 5. Let d be t(5). Suppose r - d - 13 = 0. What are the prime factors of r?
23
Suppose 6*m + 9 = 5*m. List the prime factors of (m/(-12))/(4/80).
3, 5
Let j = 18 - 15. Suppose -j*f = -f - 12. List the prime factors of f.
2, 3
Suppose -5*b = 4*l - 32, l - b - 29 = 3*b. Suppose -l = -4*m + 19. List the prime factors of m.
2
Let w = 21 - 21. Let p(x) = 4*x. Let b be p(2). Let y = b + w. List the prime factors of y.
2
Let u be (-4)/20*2*-175. Suppose -3*p + 11 + 31 = 2*c, 4*c + u = 5*p. What are the prime factors of p?
2, 7
Suppose -3 - 6 = -3*s. List the prime factors of (-80)/(-6) + (-1)/s.
13
Let p = -11 - -21. Let g(c) = 3*c + 1. Let t be g(-2). Let r = p + t. What are the prime factors of r?
5
Suppose 3*o + 44 = -0*o + 2*y, 3*y = 3*o + 45. Let w = o - -25. List the prime factors of w.
11
Let x(n) = 3*n + 1. Let g be x(-1). Suppose -3*t + 6*t = -18. What are the prime factors of t*3/6*g?
2, 3
Let l = 7 + 8. Let m be 1*-1*(-2 + l). Let y = 19 + m. What are the prime factors of y?
2, 3
Suppose -5*q - 483 = -2*g, 4*g + 3*q - 999 = 2*q. List the prime factors of g.
3, 83
Let t = 279 - 191. List the prime factors of t.
2, 11
Suppose r - 3*r = 10. Let h = -3 - r. Suppose b - h*u = -0*b + 3, 5*u = b - 3. What are the prime factors of b?
3
Let n = 8 + -5. Let g = 6 - n. Suppose -y - 42 = -3*y - 4*i, 15 = g*i. List the prime factors of y.
11
Let f(g) = g**2 + 4*g. Let r be f(6). Suppose 5*a - 3*a + 5*z - r = 0, -3*z = -5*a + 88. What are the prime factors of a/6 + 2/3?
2
Let a(c) = -c**2 + 5*c + 5. Let y be a(5). Let g = 9 - 3. Suppose -y - g = -m. What are the prime factors of m?
11
Suppose 0 = q - 5*a - 23, -5*q + 11 = -a - 8. Suppose 4*x - 12 = 4. Suppose -42 = -q*g - f, x*f - 13 = -g + 1. List the prime factors of g.
2, 7
Suppose 7*u - 1259 = 855. What are the prime factors of u?
2, 151
Let u(x) = -x**2 + x + 20. Suppose 0 = 3*h - 5*h. What are the prime factors of u(h)?
2, 5
Suppose -a - 2 = 0, p - 4*p - a + 253 = 0. List the prime factors of p.
5, 17
List the prime factors of 172 + 0 - (-55)/(-11).
167
Suppose 0 = -3*h - 0 + 3. List the prime factors of (h*-4)/((-4)/20).
2, 5
Let t(s) be the third derivative of s**4/6 + s**3/6 - 2*s**2. Suppose -2 = -4*w + 2. What are the prime factors of t(w)?
5
Suppose 0 = 3*j - 116 + 47. What are the prime factors of j?
23
Let s(z) = -z - 15. Let l(d) = -d - 19. Let h(c) = 1. Let j(x) = 3*h(x) + l(x). Let y(v) = 5*j(v) - 6*s(v). List the prime factors of y(-7).
3
Let m(y) = y + 27. What are the prime factors of m(0)?
3
Let r = 160 - 122. What are the prime factors of r?
2, 19
Suppose 0 = -2*l - 2*l. Suppose -2*g + 46 + 42 = l. Suppose 5*p = p + g. What are the prime factors of p?
11
Let f = 13 + -9. Let m = 8 + f. List the prime factors of m.
2, 3
Let v = 0 + 0. Let n = v + 2. List the prime factors of n.
2
List the prime factors of -2*1*(-33 - 8).
2, 41
Let j(g) = g + 7. List the prime factors of j(3).
2, 5
Let f(s) = 10*s**2 - 1. Let k be 0*3/6 - 1. List the prime factors of f(k).
3
Let q = -40 + 18. Let t = -12 - q. Suppose t = -4*j + 50. What are the prime factors of j?
2, 5
Let p(q) = -q**2 + 6*q - 4. Let s be p(5). List the prime factors of (-40)/(-3 - s) - 3.
7
Let x(f) = 2*f**3 - f**2. Let n be x(1). Suppose -5*w = -4*p - 18, 2*w + 7 = -5*p + n. Suppose -h = -2*m - m + 7, -m = w*h - 14. List the prime factors of h.
5
Suppose 2*m - 44 = 194. What are the prime factors of m?
7, 17
Suppose 2*w = -5*b - 88 - 2, -b + 2*w = 6. Let f be (-78)/(-4 + 1) + 0. Let r = b + f. What are the prime factors of r?
2, 5
Let j(h) be the second derivative of -h**3 + h**2/2 + 3*h. Suppose g + 5*a - 5 + 27 = 0, 4*g = a - 4. What are the prime factors of j(g)?
13
Let x(b) be the first derivative of 5*b**2/2 - b - 3. Let j be x(1). Suppose -25 + 1 = -j*i. What are the prime factors of i?
2, 3
Let n be (15/(-6))/((-1)/(-2)). Let f = 14 + n. List the prime factors of f.
3
Suppose -4*y - 4*k = 0, 5*y + 0*y = -4*k + 2. Suppose -y*u = 3*u - 10. Suppose 0 = 6*s - u*s - 12. List the prime factors of s.
3
Let c(z) = 5*z**2 - z + 5. Let r(k) = 9*k**2 - k + 9. Let g(u) = -5*c(u) + 3*r(u). List the prime factors of g(-2).
2, 3
Suppose 2*j = 2*d - d + 72, 0 = -j - 2*d + 41. List the prime factors of j.
37
Let j = -13 + 13. Suppose 0 = -t - t - 2, v - t - 11 = j. List the prime factors of v.
2, 5
Let u(j) be the first derivative of j**3/3 + 9*j**2/2 + 6*j + 7. List the prime factors of u(-10).
2
Let i be (-63)/(-2)*(-10)/(-15). Suppose -v = -1, 0 = -o + 5*v + 3 + i. What are the prime factors of o?
29
Suppose 0 = -7*c + 4*c + 93. List the prime factors of c.
31
Let q be (-8)/(-32) - 382/(-8). Suppose d + d = q. List the prime factors of d.
2, 3
Let q = 402 - 283. What are the prime factors of q?
7, 17
Let o(l) = -l**3 - 4*l**2 + 14*l - 17. What are the prime factors of o(-7)?
2
Let s = -295 - -437. What are the prime factors of s?
2, 71
Suppose 0 = 5*z - 20, -2*z + 28 = 3*g + 2*z. Suppose 3*d - x = -g*x + 48, 3*x = 12. Suppose -2*f - b = -8 - 13, -f = -4*b + d. List the prime factors of f.
2
Suppose 0 = 7*w - 3*w - 464. What are the prime factors of (w/8)/(2/4)?
29
Let i(z) = -3*z**3 - z**2 + 2*z. Let g be i(-4). List the prime factors of 0 + 1 + g/6.
29
Suppose -5*o = -6 - 44. Let r = -3 - -6. Let a = o - r. What are the prime factors of a?
7
Let h(t) = t**3 - 11*t**2 - 18*t + 26. What are the prime factors of h(13)?
2, 5, 13
Suppose -75 = -5*z + 210. What are the prime factors of z?
3, 19
Suppose -8 = f - 2*z - 44, 4*f - 4*z - 148 = 0. Let v = f - 27. What are the prime factors of v?
11
Let g(b) = -b + 3. Let a be g(3). Suppose a = 2*f - 0*f - 8, 0 = -2*m + 4*f. List the prime factors of m.
2
Let c = 4 - 1. Suppose 0 = 4*h - 2*s - 2*s - 8, -3*s = 3*h - 30. Suppose -c*u = -h*u + 15. List the prime factors of u.
5
Let c(h) = 11*h + 78*h**2 - 42*h**2 + 2 - 37*h**2. Suppose 4*r = -2*l + 16, -5*l = -r - 0*r - 51. List the prime factors of c(l).
2, 3
Let f(p) = p - 2. Let w be f(3). Let q be (-1)/(-1) + w/1. List the prime factors of 19/q + 1/2.
2, 5
Let d(q) = q**3 + 4*q**2 - 7*q - 7. Let u(w) = w**2 - w - 5. Let y be u(0). What are the prime factors of d(y)?
3
Let q(f) = 2*f - 5. Let r be q(4). Suppose 0*t = 2*i + 4*t + 4, 0 = r*t + 15. List the prime factors of (6/4)/(3/i).
2
Suppose 5*m = -3*l - 5, m + m + 4*l - 12 = 0. Let n(c) = c**2 + 2*c + 1. List the prime factors of n(m).
3
Let y be ((-141)/2)/((-6)/8). Suppose d - y = -2*d + 2*x, -x - 33 = -d. What are the prime factors of d?
2, 7
Let y = 78 - 7. What are the prime factors of y?
71
Suppose -5*y + 4*v - 2*v = -75, 0 = y + 2*v - 27. List the prime factors of y.
17
Let s = -25 + 7. Let q = 32 + s. What are the prime factors of q?
2, 7
List the prime factors of 4/10 - (-332)/20.
17
Let g(k) = -k**2 - 2*k + 6. Let s be g(0). Suppose -7*m = -s*m - 6. What are the prime factors of m?
2, 3
Let g(s) = s**2 - 8*s. List the prime factors of g(12).
2, 3
Let r(c) be the second derivative of c**5/20 - 5*c**4/12 + c**3/6 - c**2/2 + c. Let n be r(2). Let h = 20 + n. What are the prime factors of h?
3
Suppose -5*u - 3*r + r = -899, -4*r - 555 = -3*u. List the prime factors of u.
181
Let f be (13 + 2)*(-2)/(-5). Let x = f - 3. Suppose -1 - 7 = -4*q - 4*a, -26 = -x*q + 2*a. What are the prime factors of q?
2, 3
Suppose -4*j - 2*x + 18 = 0, -j + 0*j + 3 = x. Suppose -2*f + j*f - 204 = 0. Suppose -11 + f = 4*n. What are the prime factors of n?
2, 5
Suppose -2*z - 55 = -3*l - 0*z, 0 = 5*z - 5. What are the prime factors of l?
19
Let g(w) = 3*w**2 - 21*w + 10. What are the prime factors of g(9)?
2
Let n(u) = -7*u + 23. Let f(v) = 6*v - 22. Let a(c) = -4*f(c) - 3*n(c). Let s be a(-13). Suppose 0 = -3*k + s + 2. What are the prime factors of k?
2, 5
Let g(f) = -f**2 - 2*f + 13. List the prim